{"id":34,"date":"2023-01-04T21:11:00","date_gmt":"2023-01-04T20:11:00","guid":{"rendered":"https:\/\/www.grawosiedle.polsl.pl\/?page_id=34"},"modified":"2023-07-19T23:10:15","modified_gmt":"2023-07-19T21:10:15","slug":"idea-gry","status":"publish","type":"page","link":"https:\/\/www.grawosiedle.polsl.pl\/index.php\/idea-gry\/","title":{"rendered":"IDEA GRY"},"content":{"rendered":"\n<p><\/p>\n\n\n\n<figure class=\"wp-block-image size-large\"><img fetchpriority=\"high\" decoding=\"async\" width=\"1024\" height=\"731\" src=\"https:\/\/www.grawosiedle.polsl.pl\/wp-content\/uploads\/2023\/07\/GRA-W-OSIEDLE6-1024x731.jpg\" alt=\"\" class=\"wp-image-735\" srcset=\"https:\/\/www.grawosiedle.polsl.pl\/wp-content\/uploads\/2023\/07\/GRA-W-OSIEDLE6-1024x731.jpg 1024w, https:\/\/www.grawosiedle.polsl.pl\/wp-content\/uploads\/2023\/07\/GRA-W-OSIEDLE6-300x214.jpg 300w, https:\/\/www.grawosiedle.polsl.pl\/wp-content\/uploads\/2023\/07\/GRA-W-OSIEDLE6-768x548.jpg 768w, https:\/\/www.grawosiedle.polsl.pl\/wp-content\/uploads\/2023\/07\/GRA-W-OSIEDLE6-1536x1097.jpg 1536w, https:\/\/www.grawosiedle.polsl.pl\/wp-content\/uploads\/2023\/07\/GRA-W-OSIEDLE6-2048x1462.jpg 2048w\" sizes=\"(max-width: 767px) 89vw, (max-width: 1000px) 54vw, (max-width: 1071px) 543px, 580px\" \/><\/figure>\n\n\n\n<p>ELEMENTY I ZAWARTO\u015a\u0106 KART<\/p>\n\n\n\n<p>Ka\u017cda z kart zawiera charakterystyczne elementy, kt\u00f3re w r\u00f3\u017cnych ilo\u015bciach i uk\u0142adzie pojawiaj\u0105 si\u0119 w ka\u017cdym z modeli. S\u0105 to m.in. kubatury o funkcji mieszkaniowej oraz us\u0142ugowej w formie prostopad\u0142o\u015bcian\u00f3w o wymiarach podstawy 7x8m i wysoko\u015bci 3,20m odpowiednio w bia\u0142ym i pomara\u0144czowym kolorze.<\/p>\n\n\n\n<figure class=\"wp-block-image size-large is-resized\"><img decoding=\"async\" src=\"https:\/\/www.grawosiedle.polsl.pl\/wp-content\/uploads\/2023\/03\/planista-1024x530.jpg\" alt=\"\" class=\"wp-image-56\" width=\"689\" height=\"356\" srcset=\"https:\/\/www.grawosiedle.polsl.pl\/wp-content\/uploads\/2023\/03\/planista-1024x530.jpg 1024w, https:\/\/www.grawosiedle.polsl.pl\/wp-content\/uploads\/2023\/03\/planista-300x155.jpg 300w, https:\/\/www.grawosiedle.polsl.pl\/wp-content\/uploads\/2023\/03\/planista-768x398.jpg 768w, https:\/\/www.grawosiedle.polsl.pl\/wp-content\/uploads\/2023\/03\/planista-1536x795.jpg 1536w, https:\/\/www.grawosiedle.polsl.pl\/wp-content\/uploads\/2023\/03\/planista-2048x1060.jpg 2048w\" sizes=\"(max-width: 689px) 100vw, 689px\" \/><\/figure>\n\n\n\n<p><br>Na obrze\u017cach poszczeg\u00f3lnych kwarta\u0142\u00f3w (kart) zaproponowano elementy o funkcji komunikacji publicznej, czyli przystanki autobusowe z zatoczkami oraz stacje parkowania rower\u00f3w. Karty zawieraj\u0105 tak\u017ce powierzchnie biologicznie czynne w formie p\u0142aszczyzn o kolorze zielonym oraz drzewa i krzewy jako p\u00f3\u0142przezroczyste, zielone bry\u0142y. Wyr\u00f3\u017cniono tak\u017ce r\u00f3\u017cne rodzaje teren\u00f3w przeznaczonych na komunikacj\u0119, pojawiaj\u0105 si\u0119 drogi (kolor bia\u0142y), ci\u0105gi pieszo-jezdne (szaro-zielone paskowanie), ci\u0105gi piesze (kolor jasnoszary) oraz drogi rowerowe (kolor ciemnoszary), zaznaczono tak\u017ce zjazdy do parking\u00f3w podziemnych.<br>Fioletowymi polami oznaczono place zabaw. Karty zaprojektowano jako dzia\u0142ki o powierzchni ok. 1 ha i wymiarach 120x80m, co mo\u017cna uzna\u0107 za modelowy wymiar kwarta\u0142u. Pole przeznaczone na zabudow\u0119 mieszkaniow\u0105 ma form\u0119 kwadratu o wymiarach 80x80m.<br>Pozosta\u0142a cz\u0119\u015b\u0107 dzia\u0142ki zosta\u0142a zaprojektowana jako przestrze\u0144 na potrzeby infrastruktury powi\u0105zanej z kolorem karty i jednocze\u015bnie wirtualnym zarz\u0105dc\u0105 terenu<\/p>\n\n\n\n<figure class=\"wp-block-image size-large\"><img decoding=\"async\" width=\"721\" height=\"1024\" src=\"https:\/\/www.grawosiedle.polsl.pl\/wp-content\/uploads\/2023\/03\/schemat-721x1024.jpg\" alt=\"\" class=\"wp-image-57\" srcset=\"https:\/\/www.grawosiedle.polsl.pl\/wp-content\/uploads\/2023\/03\/schemat-721x1024.jpg 721w, https:\/\/www.grawosiedle.polsl.pl\/wp-content\/uploads\/2023\/03\/schemat-211x300.jpg 211w, https:\/\/www.grawosiedle.polsl.pl\/wp-content\/uploads\/2023\/03\/schemat-768x1091.jpg 768w, https:\/\/www.grawosiedle.polsl.pl\/wp-content\/uploads\/2023\/03\/schemat-1082x1536.jpg 1082w, https:\/\/www.grawosiedle.polsl.pl\/wp-content\/uploads\/2023\/03\/schemat.jpg 1442w\" sizes=\"(max-width: 721px) 100vw, 721px\" \/><\/figure>\n\n\n\n<figure class=\"wp-block-gallery has-nested-images columns-default is-cropped wp-block-gallery-1 is-layout-flex wp-block-gallery-is-layout-flex\">\n<figure class=\"wp-block-image size-large\"><img loading=\"lazy\" decoding=\"async\" width=\"1024\" height=\"674\" data-id=\"172\" src=\"https:\/\/www.grawosiedle.polsl.pl\/wp-content\/uploads\/2023\/05\/a-1024x674.jpg\" alt=\"\" class=\"wp-image-172\" srcset=\"https:\/\/www.grawosiedle.polsl.pl\/wp-content\/uploads\/2023\/05\/a-1024x674.jpg 1024w, https:\/\/www.grawosiedle.polsl.pl\/wp-content\/uploads\/2023\/05\/a-300x197.jpg 300w, https:\/\/www.grawosiedle.polsl.pl\/wp-content\/uploads\/2023\/05\/a-768x505.jpg 768w, https:\/\/www.grawosiedle.polsl.pl\/wp-content\/uploads\/2023\/05\/a.jpg 1167w\" sizes=\"(max-width: 767px) 89vw, (max-width: 1000px) 54vw, (max-width: 1071px) 543px, 580px\" \/><\/figure>\n<\/figure>\n\n\n\n<p>Karty od 2 do 10 przedstawiaj\u0105 uk\u0142ady zabudowy mieszkaniowej w spos\u00f3b narastaj\u0105cy: im wy\u017csza warto\u015b\u0107 karty, tym wy\u017csza intensywno\u015b\u0107 zabudowy (liczba mieszka\u0144 na hektar). Najni\u017csze warto\u015bci odwzorowano w postaci zabudowy jednorodzinnej, wielorodzinnej niskiej i \u015bredniej intensywno\u015bci. Za\u0142o\u017cenia wzrostu ilo\u015bci kondygnacji oraz intensywno\u015bci zabudowy wraz ze zr\u00f3\u017cnicowaniem formy urbanistycznej<\/p>\n\n\n\n<figure class=\"wp-block-image size-large is-resized\"><img loading=\"lazy\" decoding=\"async\" src=\"https:\/\/www.grawosiedle.polsl.pl\/wp-content\/uploads\/2023\/05\/gra_w_osiedle_schemat-696x1024.jpg\" alt=\"\" class=\"wp-image-173\" width=\"650\" height=\"956\" srcset=\"https:\/\/www.grawosiedle.polsl.pl\/wp-content\/uploads\/2023\/05\/gra_w_osiedle_schemat-696x1024.jpg 696w, https:\/\/www.grawosiedle.polsl.pl\/wp-content\/uploads\/2023\/05\/gra_w_osiedle_schemat-204x300.jpg 204w, https:\/\/www.grawosiedle.polsl.pl\/wp-content\/uploads\/2023\/05\/gra_w_osiedle_schemat.jpg 734w\" sizes=\"(max-width: 650px) 100vw, 650px\" \/><\/figure>\n\n\n\n<p>Wyr\u00f3\u017cniono sze\u015b\u0107 wska\u017anik\u00f3w i parametr\u00f3w urbanistycznych dla ka\u017cdego modelu zabudowy, kt\u00f3re nast\u0119pnie zosta\u0142y podsumowane w tabelach. Wraz ze wzrostem intensywno\u015bci zabudowy ro\u015bnie parametr ilo\u015bci kondygnacji oraz wska\u017anik powierzchni zabudowy, a maleje udzia\u0142 powierzchni biologicznie czynnej oraz ilo\u015b\u0107 drzew. Dla ka\u017cdego<br>z kolor\u00f3w i fi gur kart warto\u015bci wska\u017anik\u00f3w i parametr\u00f3w pozostaj\u0105 charakterystyczne.<\/p>\n\n\n\n<ol class=\"wp-block-list\">\n<li>Intensywno\u015b\u0107 zabudowy<\/li>\n\n\n\n<li>Udzia\u0142 powierzchni zabudowy<\/li>\n\n\n\n<li>\u015arednia ilo\u015b\u0107 kondygnacji<\/li>\n\n\n\n<li>Ilo\u015b\u0107 mieszka\u0144 na ha<\/li>\n\n\n\n<li>Udzia\u0142 powierzchni teren\u00f3w biolo-<br>gicznie czynnych<\/li>\n\n\n\n<li>Ilo\u015b\u0107 drzew<\/li>\n<\/ol>\n\n\n\n<p>Dla wybranych gier zaproponowano sum\u0119 punktow\u0105 wska\u017anik\u00f3w i parametr\u00f3w: ilo\u015b\u0107 mieszka\u0144 na ha, udzia\u0142 powierzchni teren\u00f3w biologicznie czynnych i ilo\u015b\u0107 drzew. Autorzy uznali, \u017ce s\u0105 to wska\u017aniki najlepiej obrazuj\u0105ce relacje mi\u0119dzy intensywno\u015bci\u0105 zabudowy<br>i zieleni\u0105.<\/p>\n\n\n\n<figure class=\"wp-block-image size-large\"><img loading=\"lazy\" decoding=\"async\" width=\"622\" height=\"1024\" src=\"https:\/\/www.grawosiedle.polsl.pl\/wp-content\/uploads\/2023\/05\/jgjgh-622x1024.jpg\" alt=\"\" class=\"wp-image-159\" srcset=\"https:\/\/www.grawosiedle.polsl.pl\/wp-content\/uploads\/2023\/05\/jgjgh-622x1024.jpg 622w, https:\/\/www.grawosiedle.polsl.pl\/wp-content\/uploads\/2023\/05\/jgjgh-182x300.jpg 182w, https:\/\/www.grawosiedle.polsl.pl\/wp-content\/uploads\/2023\/05\/jgjgh-768x1265.jpg 768w, https:\/\/www.grawosiedle.polsl.pl\/wp-content\/uploads\/2023\/05\/jgjgh.jpg 884w\" sizes=\"(max-width: 622px) 100vw, 622px\" \/><\/figure>\n\n\n\n<p>Joker to fi gura wyj\u0105tkowa, kt\u00f3ra z powodzeniem mo\u017ce zast\u0119powa\u0107 ka\u017cd\u0105 kart\u0119. Jednocze\u015bnie w przypadkuGry w osiedle to figura o mo\u017cliwie najwy\u017cszej warto\u015bci<br>punkt\u00f3w.Przewidziano 3 jokery: dla talii kier, pik oraz trefl. Joker pik to modelowy park ekologiczny o powierzchni jednego hektara. Zaplanowano w nim nieznaczne wzniesienie,<br>kt\u00f3re pozwala na podziwianie okolicy, mo\u017ce by\u0107 tak\u017ce g\u00f3rk\u0105 saneczkow\u0105.<br>W s\u0105siedztwie wzniesienia zaplanowano rozleg\u0142y zbiornik retencyjny, kt\u00f3ry mo\u017ce<br>pe\u0142ni\u0107 funkcje rekreacyjne. Ca\u0142y park mie\u015bci 25 drzew, wzd\u0142u\u017c jego bok\u00f3w znajduje si\u0119 przystanek autobusowy oraz \u015bcie\u017cka rowerowa i stacja parkowania rower\u00f3w.<br>Joker kier to modelowy kwarta\u0142 mieszka\u0144ca. Zaplanowano w nim kompleks us\u0142ug zdrowia (przychodni\u0119) oraz kultury, (\u015bwietlica osiedlowa, warsztat spo\u0142eczny) wraz z infrastruktur\u0105. Otoczenie pozostaje zielone z dogodnymi po\u0142\u0105czeniami pieszymi, rowerowymi oraz przystankiem autobusowym. Zaplanowano tak\u017ce ogr\u00f3d spo\u0142eczny na potrzeby wsp\u00f3lnej uprawy warzyw i owoc\u00f3w na bie\u017c\u0105ce potrzeby mieszka\u0144c\u00f3w.<br>Joker trefl to modelowy kwarta\u0142 planisty. Zaplanowano w nim kompleks szkolnorzedszkolny wraz z infrastruktur\u0105 (boiska, place zabaw), a otoczenie pozostaje zielone z dogodnymi po\u0142\u0105czeniami pieszymi, rowerowymi oraz przystankiem autobusowym.<br>Wszystkie 3 jokery symbolizuj\u0105 infrastruktur\u0119 spo\u0142eczn\u0105, kt\u00f3ra jest niezb\u0119dna do funkcjonowania osiedla. Na potrzeby gry wyr\u00f3\u017cniono je krzywoliniow\u0105 geometri\u0105 \u015bcie\u017cek.<\/p>\n\n\n\n<figure class=\"wp-block-image size-full\"><img loading=\"lazy\" decoding=\"async\" width=\"546\" height=\"713\" src=\"https:\/\/www.grawosiedle.polsl.pl\/wp-content\/uploads\/2023\/05\/asasas.jpg\" alt=\"\" class=\"wp-image-161\" srcset=\"https:\/\/www.grawosiedle.polsl.pl\/wp-content\/uploads\/2023\/05\/asasas.jpg 546w, https:\/\/www.grawosiedle.polsl.pl\/wp-content\/uploads\/2023\/05\/asasas-230x300.jpg 230w\" sizes=\"(max-width: 546px) 100vw, 546px\" \/><\/figure>\n\n\n\n<p>Kolory kart<\/p>\n\n\n\n<p>Kier przedstawia modelowego mieszka\u0144ca, kt\u00f3ry oczekuje r\u00f3wnowagi pomi\u0119dzy ilo\u015bci\u0105 teren\u00f3w zieleni, prywatnych ogr\u00f3dk\u00f3w, plac\u00f3w zabaw, us\u0142ug i infrastruktury spo\u0142ecznej, a wielko\u015bci\u0105 i ilo\u015bci\u0105 s\u0105siaduj\u0105cych mieszka\u0144. Mieszkaniec prezentuje podej\u015bcie NIMBY (not<br>on my background), co oznacza, \u017ce potrzebna i dost\u0119pna infrastruktura ma by\u0107 w pobli\u017cu, ale nie na moim podw\u00f3rku.<\/p>\n\n\n\n<p>Karo przedstawia dewelopera, kt\u00f3ry stara si\u0119 maksymalnie wykorzysta\u0107 teren i zagospodarowa\u0107 go tak, by uzyska\u0107 jak najwi\u0119ksz\u0105 liczb\u0119 lokali mieszkaniowych i minimaln\u0105 ilo\u015b\u0107 infrastruktury.<\/p>\n\n\n\n<p>Pik przedstawia ekologa, kt\u00f3ry d\u0105\u017cy do realizacji jak najwi\u0119kszej ilo\u015bci teren\u00f3w zieleni, biologicznie czynnych. Ekolog jednocze\u015bnie d\u0105\u017cy do ograniczenia ilo\u015bci teren\u00f3w przeznaczonych pod zabudow\u0119, zapewnienia infrastruktury dla komunikacji publicznej i indywidualnej rowerowej.<\/p>\n\n\n\n<p>Trefl przedstawia planist\u0119 i zarz\u0105dc\u0119 miasta jednocze\u015bnie, kt\u00f3ry r\u00f3wnowa\u017cy oczekiwania mieszka\u0144c\u00f3w, deweloper\u00f3w i ekolog\u00f3w.<\/p>\n\n\n\n<figure class=\"wp-block-image size-large\"><img loading=\"lazy\" decoding=\"async\" width=\"706\" height=\"1024\" src=\"https:\/\/www.grawosiedle.polsl.pl\/wp-content\/uploads\/2023\/05\/gra_w_osiedle_schemat2-706x1024.jpg\" alt=\"\" class=\"wp-image-195\" srcset=\"https:\/\/www.grawosiedle.polsl.pl\/wp-content\/uploads\/2023\/05\/gra_w_osiedle_schemat2-706x1024.jpg 706w, https:\/\/www.grawosiedle.polsl.pl\/wp-content\/uploads\/2023\/05\/gra_w_osiedle_schemat2-207x300.jpg 207w, https:\/\/www.grawosiedle.polsl.pl\/wp-content\/uploads\/2023\/05\/gra_w_osiedle_schemat2-768x1115.jpg 768w, https:\/\/www.grawosiedle.polsl.pl\/wp-content\/uploads\/2023\/05\/gra_w_osiedle_schemat2.jpg 793w\" sizes=\"(max-width: 706px) 100vw, 706px\" \/><\/figure>\n","protected":false},"excerpt":{"rendered":"<p>ELEMENTY I ZAWARTO\u015a\u0106 KART Ka\u017cda z kart zawiera charakterystyczne elementy, kt\u00f3re w r\u00f3\u017cnych ilo\u015bciach i uk\u0142adzie pojawiaj\u0105 si\u0119 w ka\u017cdym z modeli. S\u0105 to m.in. kubatury o funkcji mieszkaniowej oraz us\u0142ugowej w formie prostopad\u0142o\u015bcian\u00f3w o wymiarach podstawy 7x8m i wysoko\u015bci 3,20m odpowiednio w bia\u0142ym i pomara\u0144czowym kolorze. Na obrze\u017cach poszczeg\u00f3lnych kwarta\u0142\u00f3w (kart) zaproponowano elementy o &hellip; <\/p>\n<p class=\"link-more\"><a href=\"https:\/\/www.grawosiedle.polsl.pl\/index.php\/idea-gry\/\" class=\"more-link\">Czytaj dalej<span class=\"screen-reader-text\"> \u201eIDEA GRY\u201d<\/span><\/a><\/p>\n","protected":false},"author":1,"featured_media":0,"parent":0,"menu_order":0,"comment_status":"closed","ping_status":"closed","template":"","meta":{"footnotes":""},"class_list":["post-34","page","type-page","status-publish","hentry"],"_links":{"self":[{"href":"https:\/\/www.grawosiedle.polsl.pl\/index.php\/wp-json\/wp\/v2\/pages\/34","targetHints":{"allow":["GET"]}}],"collection":[{"href":"https:\/\/www.grawosiedle.polsl.pl\/index.php\/wp-json\/wp\/v2\/pages"}],"about":[{"href":"https:\/\/www.grawosiedle.polsl.pl\/index.php\/wp-json\/wp\/v2\/types\/page"}],"author":[{"embeddable":true,"href":"https:\/\/www.grawosiedle.polsl.pl\/index.php\/wp-json\/wp\/v2\/users\/1"}],"replies":[{"embeddable":true,"href":"https:\/\/www.grawosiedle.polsl.pl\/index.php\/wp-json\/wp\/v2\/comments?post=34"}],"version-history":[{"count":14,"href":"https:\/\/www.grawosiedle.polsl.pl\/index.php\/wp-json\/wp\/v2\/pages\/34\/revisions"}],"predecessor-version":[{"id":736,"href":"https:\/\/www.grawosiedle.polsl.pl\/index.php\/wp-json\/wp\/v2\/pages\/34\/revisions\/736"}],"wp:attachment":[{"href":"https:\/\/www.grawosiedle.polsl.pl\/index.php\/wp-json\/wp\/v2\/media?parent=34"}],"curies":[{"name":"wp","href":"https:\/\/api.w.org\/{rel}","templated":true}]}}