{"id":295,"date":"2023-06-03T18:24:17","date_gmt":"2023-06-03T16:24:17","guid":{"rendered":"https:\/\/www.grawosiedle.polsl.pl\/?page_id=295"},"modified":"2023-06-03T18:24:18","modified_gmt":"2023-06-03T16:24:18","slug":"pasjans","status":"publish","type":"page","link":"https:\/\/www.grawosiedle.polsl.pl\/index.php\/pasjans\/","title":{"rendered":"PASJANS"},"content":{"rendered":"\n<p>LICZBA GRACZY:<strong><em> 2-4<\/em><\/strong><br>POZIOMTRUDNO\u015aCI: <em><strong>\u015bredni<\/strong><\/em><br>TALIE KART: <strong>2D, 3D<\/strong><\/p>\n\n\n\n<p>AKCESORIA: <strong><em>st\u00f3\u0142<\/em><\/strong><\/p>\n\n\n\n<p><br>1.Podziel ka\u017cd\u0105 z talii na kolory.<br>2.Ka\u017cdy zesp\u00f3\u0142 losuje jeden kolor.<br>3.Zespo\u0142y tasuj\u0105 losowo tali\u0119 2D i 3D.<br>4.Na has\u0142o START jeden z zespo\u0142\u00f3w proponuje na g\u0142os jeden ze wska\u017anik\u00f3w.<br>5. Ka\u017cdy z zespo\u0142\u00f3w uk\u0142ada na stole sw\u00f3j kolor narastaj\u0105co ( od lewej do prawej) wg warto\u015bci wska\u017anika osobno tali\u0119 2D, osobno tali\u0119 3D.<br>6. Zesp\u00f3\u0142, kt\u00f3ry najszybciej u\u0142o\u017cy obydwie talie zatrzymuje czas i wygrywa punkt.<br>7. Powtarzamy punkty 4-6 dla r\u00f3\u017cnych wska\u017anik\u00f3w.<br><\/p>\n\n\n\n<figure class=\"wp-block-image size-large\"><img fetchpriority=\"high\" decoding=\"async\" width=\"1024\" height=\"632\" src=\"https:\/\/www.grawosiedle.polsl.pl\/wp-content\/uploads\/2023\/06\/20230119_Gra-w-osiedle-19-1024x632.jpg\" alt=\"\" class=\"wp-image-296\" srcset=\"https:\/\/www.grawosiedle.polsl.pl\/wp-content\/uploads\/2023\/06\/20230119_Gra-w-osiedle-19-1024x632.jpg 1024w, https:\/\/www.grawosiedle.polsl.pl\/wp-content\/uploads\/2023\/06\/20230119_Gra-w-osiedle-19-300x185.jpg 300w, https:\/\/www.grawosiedle.polsl.pl\/wp-content\/uploads\/2023\/06\/20230119_Gra-w-osiedle-19-768x474.jpg 768w, https:\/\/www.grawosiedle.polsl.pl\/wp-content\/uploads\/2023\/06\/20230119_Gra-w-osiedle-19-1536x949.jpg 1536w, https:\/\/www.grawosiedle.polsl.pl\/wp-content\/uploads\/2023\/06\/20230119_Gra-w-osiedle-19-2048x1265.jpg 2048w\" sizes=\"(max-width: 767px) 89vw, (max-width: 1000px) 54vw, (max-width: 1071px) 543px, 580px\" \/><\/figure>\n","protected":false},"excerpt":{"rendered":"<p>LICZBA GRACZY: 2-4POZIOMTRUDNO\u015aCI: \u015bredniTALIE KART: 2D, 3D AKCESORIA: st\u00f3\u0142 1.Podziel ka\u017cd\u0105 z talii na kolory.2.Ka\u017cdy zesp\u00f3\u0142 losuje jeden kolor.3.Zespo\u0142y tasuj\u0105 losowo tali\u0119 2D i 3D.4.Na has\u0142o START jeden z zespo\u0142\u00f3w proponuje na g\u0142os jeden ze wska\u017anik\u00f3w.5. Ka\u017cdy z zespo\u0142\u00f3w uk\u0142ada na stole sw\u00f3j kolor narastaj\u0105co ( od lewej do prawej) wg warto\u015bci wska\u017anika osobno tali\u0119 &hellip; <\/p>\n<p class=\"link-more\"><a href=\"https:\/\/www.grawosiedle.polsl.pl\/index.php\/pasjans\/\" class=\"more-link\">Czytaj dalej<span class=\"screen-reader-text\"> \u201ePASJANS\u201d<\/span><\/a><\/p>\n","protected":false},"author":1,"featured_media":0,"parent":0,"menu_order":0,"comment_status":"closed","ping_status":"closed","template":"","meta":{"footnotes":""},"class_list":["post-295","page","type-page","status-publish","hentry"],"_links":{"self":[{"href":"https:\/\/www.grawosiedle.polsl.pl\/index.php\/wp-json\/wp\/v2\/pages\/295","targetHints":{"allow":["GET"]}}],"collection":[{"href":"https:\/\/www.grawosiedle.polsl.pl\/index.php\/wp-json\/wp\/v2\/pages"}],"about":[{"href":"https:\/\/www.grawosiedle.polsl.pl\/index.php\/wp-json\/wp\/v2\/types\/page"}],"author":[{"embeddable":true,"href":"https:\/\/www.grawosiedle.polsl.pl\/index.php\/wp-json\/wp\/v2\/users\/1"}],"replies":[{"embeddable":true,"href":"https:\/\/www.grawosiedle.polsl.pl\/index.php\/wp-json\/wp\/v2\/comments?post=295"}],"version-history":[{"count":1,"href":"https:\/\/www.grawosiedle.polsl.pl\/index.php\/wp-json\/wp\/v2\/pages\/295\/revisions"}],"predecessor-version":[{"id":297,"href":"https:\/\/www.grawosiedle.polsl.pl\/index.php\/wp-json\/wp\/v2\/pages\/295\/revisions\/297"}],"wp:attachment":[{"href":"https:\/\/www.grawosiedle.polsl.pl\/index.php\/wp-json\/wp\/v2\/media?parent=295"}],"curies":[{"name":"wp","href":"https:\/\/api.w.org\/{rel}","templated":true}]}}